53 and n?
213
Suppose -2*a - 4*n = -72, 310 - 444 = -4*a - 3*n. Calculate the highest common divisor of 14 and a.
2
Let b(a) = -a**3 + 10*a**2 + 37*a - 51. Let n be b(12). Let v = n + -91. Let g = -77 - -119. Calculate the greatest common factor of g and v.
14
Let q(i) = -i**2 + 24*i + 37. Let x be q(20). What is the highest common factor of x and 325?
13
Let u be (-23)/7 + (-4)/(-14). Let z be (12/(-2) + 1)*u. Let x = 164 + -149. Calculate the greatest common factor of x and z.
15
Let m be ((-10)/(-4) + -2)/((-10)/20). Let f(w) = -32*w**3 + 2*w**2 + 8*w + 7. Let h be f(m). What is the highest common divisor of 759 and h?
33
Let g(b) = -7 + 0*b - 2*b - 15 - 3*b + b. Let s be g(-8). Calculate the greatest common factor of 790 and s.
10
Suppose 15237 = 96*g - 19312 + 3349. Calculate the greatest common factor of g and 275.
25
Suppose -p + 3*v + 45 = 0, 2*p - v = -0*p + 75. Suppose -4*h = -4*l + 12 - p, 9 = 4*h + l. Calculate the greatest common divisor of h and 1.
1
Let p be -14*((-33)/(-22) + (6 - 2 - 6)). Let a = 1 + -8. Let f = a - -70. What is the greatest common factor of p and f?
7
Suppose -123*l + 126*l - 11 = -c, -4*l - 16 = 0. Calculate the greatest common divisor of c and 46.
23
Let k be (20/10)/(10/95). Suppose -5*h = -0*h - 1520. Calculate the greatest common divisor of h and k.
19
Suppose -4*n = z - 9178, 0*n + 12*n + 5*z - 27530 = 0. What is the highest common divisor of n and 81?
27
Let z = -1034 + 144. Let u = 902 + z. Calculate the greatest common factor of u and 108.
12
Let m be 44 + (6/(-10))/(171/(-285)). Suppose 0 = -t - t - 4*f + 124, -2*t + 3*f = -117. What is the highest common factor of t and m?
15
Suppose 10484*p - 10451*p - 825 = 0. What is the greatest common factor of 16150 and p?
25
Let x be 1*(-6)/(-24)*0. Suppose -4*o + x*q + q - 524 = 0, -3*q = -5*o - 648. Let v be o/(-30)*(0 + 5). Calculate the greatest common divisor of 198 and v.
22
Let y = -206 + 211. Suppose -y*w = -308 + 58. Calculate the highest common divisor of 60 and w.
10
Let g(w) = -11*w - 381. Let r be g(-41). Let b be (24/(-9))/(8/(-12)). Suppose -b*m + 120 = 8. Calculate the greatest common divisor of r and m.
14
Let w = -10 - -65. Suppose -54*n + w*n - 24 = 0. Suppose -3*h = -2*p - n - 50, 2*p + 50 = 2*h. Calculate the highest common divisor of h and 32.
8
Let m be 4*((-6)/(-4))/(216/(-252)). Let i be 2*(-14)/4*(0 + m). What is the greatest common divisor of i and 245?
49
Let n(s) = -s**3 + s**2 + s + 11. Let v be n(0). Suppose -2*q - 12*q = -196. Suppose 11*j - q*j + 363 = 0. Calculate the highest common divisor of v and j.
11
Let p = 8172 - 8001. What is the greatest common factor of 45 and p?
9
Let u be 14*(-4)/16*(-32)/56. Suppose u*c - 5*c = -4*k + 145, -4*c - 148 = -4*k. What is the highest common factor of k and 153?
17
Let m(n) = -209*n + 676. Let g be m(-7). What is the highest common factor of g and 186?
93
Suppose 0 = 6*v - v + r - 41, 2*r = -8. Let f = v - -49. Calculate the greatest common factor of f and 145.
29
Let z be (-1 + 2)/(3 + -2). Suppose -57 = -2*p - z. Suppose 775 = 4*o + 23*v - 26*v, 5*o - 3*v - 971 = 0. Calculate the greatest common divisor of p and o.
28
Suppose 4*h - 6 - 22 = 0. Let v(d) = 2*d**2 - 2*d - 16. Let j be v(h). Let b = j + -62. Calculate the greatest common divisor of 30 and b.
6
Let u = -22 + 60. Suppose -5*s + 52 = -u. Let l = -238 - -240. What is the highest common divisor of l and s?
2
Let o be 484/(-33)*18/(-4). Let n be (-1 - (0 + 1))/((360/(-20))/198). What is the greatest common divisor of o and n?
22
Suppose 34*q - 65*q + 217 = 0. What is the highest common divisor of 2513 and q?
7
Suppose -10*o + 6*o = -k - 21, -45 = -5*o - 5*k. Suppose 0*n = n, 0 = t - n - 97. Suppose -o*x + 203 = -t. Calculate the greatest common divisor of x and 20.
10
Let w be 9/((-72)/(-1624)) - (3 - -8). What is the highest common divisor of w and 3904?
64
Let a(n) = 3*n**3 - 28*n**2 + 15*n + 12. Let y be a(9). Let x(o) = -155*o**3 + o. Let t be x(-1). Calculate the greatest common factor of t and y.
22
Let q be 222/8 + (-1)/(-4). Let f = -115482 + 115608. Calculate the greatest common factor of f and q.
14
Suppose -8*g - 81 = -665. Suppose -34*q - 5 = -g. Let h(m) = -m**2 - 5*m + 2. Let r be h(-3). Calculate the highest common divisor of r and q.
2
Let z(b) be the third derivative of b**4/6 - 43*b**3/6 - 70*b**2. Let v be z(14). Calculate the greatest common divisor of 13 and v.
13
Suppose -3*d + 14 = -133. Suppose 0 = -430*u + 428*u - 622. Let h = u + 325. What is the greatest common factor of d and h?
7
Suppose 0 = w - 6*w + 120. Let i(u) = -17*u - 373. Let k be i(-29). What is the greatest common factor of k and w?
24
Let u be (-6)/(-6) + 9/3. Suppose -u*x - 6*a = -11*a - 219, -192 = -4*x - 4*a. Calculate the greatest common factor of 255 and x.
51
Suppose 5*t = -x + 584, -2*t - 314 = 4*x - 2740. What is the greatest common factor of 261 and x?
87
Let g(m) = -2*m**2 - 17*m - 48. Let u be g(-14). Let d = u - -222. What is the greatest common divisor of d and 32?
4
Suppose 22*l = 5*p + 26*l - 784, p - 157 = -l. Let n be (-1 + 0)*(-117 - 0). Calculate the highest common factor of p and n.
39
Let a(v) = -1022*v + 4092. Let d be a(4). Calculate the greatest common divisor of d and 3622.
2
Let b(k) = 41*k. Let s be b(-4). Let p = -1489 - -1095. Let t = s - p. Calculate the greatest common divisor of 92 and t.
46
Let m = -2 - -5. Let q = -47 - -56. Suppose 10*k = 13*k - q. What is the greatest common factor of m and k?
3
Let o = 27 - 22. Let h = -2827 - -2829. Calculate the greatest common factor of o and h.
1
Let m = -9049 - -9774. What is the greatest common divisor of 500 and m?
25
Let s(w) = w**3 - 8*w**2 + 2*w - 10. Let p be s(8). Let z be (14/3)/(5/(165/(-2))). Let d = 119 + z. What is the highest common factor of p and d?
6
Let q = -88 - -198. Suppose -11*s - q = -16*s. Calculate the greatest common factor of 11 and s.
11
Let t be 956/(-6) + 2/(-3). Let a be t/(-6) - 4/6. Let c = 46753 - 46740. Calculate the greatest common divisor of a and c.
13
Let s(z) = -59*z + 22*z + 15*z + 170 + 5*z. Let b be s(-31). What is the greatest common factor of b and 17?
17
Suppose 2*q = -5*s + 30, 3*q - q = s - 6. Let a(b) = b**3 - 6*b**2 + 5*b + 2. Let p be a(s). Calculate the greatest common factor of 864 and p.
32
Let y(s) = -296*s + 2378. Let q be y(8). What is the highest common factor of q and 308?
2
Let y be (30/(-18))/((-2)/72). Let l(m) = -m**3 + 8*m**2 + 26*m - 113. Let p be l(9). Let s = y - p. Calculate the highest common divisor of 80 and s.
20
Let n be (-3)/(-6) - 271/(-2). Suppose -42 = 58*t - 65*t. Suppose -52 = -4*v - 5*c, 2*c + t = -3*v + 38. Calculate the greatest common factor of v and n.
8
Let s(u) = -14*u**2 + 8*u + 417. Let d be s(-5). Suppose y - 1007 = 2*p, 4*p - 1944 = -2*y + 38. What is the highest common divisor of d and y?
27
Let x(t) = 48*t**3 - t - 4*t**2 - 47*t**3 + 6 + 10 + 11*t**2. Let c be x(-6). Calculate the highest common factor of 261 and c.
29
Let g(b) = -b**2 - 26*b + 45. Let c be g(-27). Suppose -16*o + 14*o + 18 = 0. Calculate the highest common factor of o and c.
9
Let o(b) = -2*b**2 + 73*b - 212. Let k be o(33). Let h be (-114)/(-4)*(-4)/(-6). Calculate the highest common divisor of h and k.
19
Suppose 150 = -g + 26*g. Suppose -3*y - 135 = -g*y. What is the greatest common factor of y and 6?
3
Let t(h) = -60*h + 525. Let m be t(7). What is the highest common factor of 12705 and m?
105
Let v = 969 - 408. Let i = v + -555. Calculate the greatest common factor of i and 21.
3
Let k be -3 + (24 - -3) + 3. Let w = -62 - -58. Let o be -2 - (-5 + (-4 - w)). What is the highest common divisor of o and k?
3
Let f(p) = 200*p**3 - 20*p**2 + 21*p - 1. Let v be f(1). What is the greatest common divisor of 72 and v?
8
Let q be 184/(-40) - (-4)/(-10). Let k(u) = u**3 + 4*u**2 - 11*u - 23. Let a be k(q). What is the greatest common divisor of a and 2?
1
Let c = -1052 + 1106. What is the greatest common factor of c and 171?
9
Let q be 8 - (-1581 + (-18)/(-1 - 2)). Calculate the highest common factor of 1 and q.
1
Let u(p) = 2*p + 10. Let h be u(-4). Let q be h + 4 + -1 + 15. Let r be ((-12)/8)/(6/(-16)). Calculate the greatest common divisor of r and q.
4
Let r be (32/40)/((-24)/(-2160)). What is the great